 5
List the prime factors of 10273.
10273
List the prime factors of 83370.
2, 3, 5, 7, 397
List the prime factors of 5357.
11, 487
List the prime factors of 5067.
3, 563
What are the prime factors of 634?
2, 317
What are the prime factors of 52906?
2, 7, 3779
List the prime factors of 148883.
7, 21269
What are the prime factors of 115?
5, 23
List the prime factors of 3979.
23, 173
What are the prime factors of 5136?
2, 3, 107
List the prime factors of 100084.
2, 131, 191
List the prime factors of 2673.
3, 11
List the prime factors of 95349.
3, 37, 859
What are the prime factors of 22888?
2, 2861
What are the prime factors of 229?
229
List the prime factors of 48361.
137, 353
List the prime factors of 37584.
2, 3, 29
What are the prime factors of 1853?
17, 109
What are the prime factors of 1840?
2, 5, 23
What are the prime factors of 82304?
2, 643
List the prime factors of 12074.
2, 6037
List the prime factors of 6584.
2, 823
List the prime factors of 5961.
3, 1987
What are the prime factors of 38785?
5, 7757
What are the prime factors of 56223?
3, 6247
What are the prime factors of 420?
2, 3, 5, 7
What are the prime factors of 2511?
3, 31
What are the prime factors of 87106?
2, 97, 449
List the prime factors of 1613.
1613
What are the prime factors of 766?
2, 383
What are the prime factors of 7134?
2, 3, 29, 41
What are the prime factors of 17357?
17, 1021
List the prime factors of 1531.
1531
What are the prime factors of 162915?
3, 5, 10861
List the prime factors of 36.
2, 3
List the prime factors of 13237.
7, 31, 61
What are the prime factors of 1792?
2, 7
What are the prime factors of 2252?
2, 563
List the prime factors of 21823.
139, 157
List the prime factors of 1102.
2, 19, 29
List the prime factors of 35524.
2, 83, 107
List the prime factors of 376.
2, 47
List the prime factors of 447.
3, 149
What are the prime factors of 1601?
1601
List the prime factors of 1153.
1153
What are the prime factors of 122939?
122939
What are the prime factors of 19120?
2, 5, 239
What are the prime factors of 47519?
19, 41, 61
List the prime factors of 17477.
17477
What are the prime factors of 1453?
1453
What are the prime factors of 48407?
48407
What are the prime factors of 11925?
3, 5, 53
List the prime factors of 22334.
2, 13, 859
What are the prime factors of 980?
2, 5, 7
List the prime factors of 22846.
2, 11423
What are the prime factors of 50380?
2, 5, 11, 229
List the prime factors of 962.
2, 13, 37
What are the prime factors of 20391?
3, 7, 971
What are the prime factors of 39517?
43, 919
What are the prime factors of 1597?
1597
List the prime factors of 164860.
2, 5, 8243
List the prime factors of 4869.
3, 541
What are the prime factors of 2906?
2, 1453
List the prime factors of 8887.
8887
What are the prime factors of 35982?
2, 3, 1999
List the prime factors of 56939.
97, 587
List the prime factors of 18483.
3, 61, 101
List the prime factors of 16022.
2, 8011
What are the prime factors of 3623?
3623
What are the prime factors of 3388?
2, 7, 11
What are the prime factors of 12365?
5, 2473
What are the prime factors of 4909?
4909
What are the prime factors of 16703?
16703
List the prime factors of 6131.
6131
List the prime factors of 25178.
2, 12589
List the prime factors of 469.
7, 67
What are the prime factors of 7824?
2, 3, 163
What are the prime factors of 18410?
2, 5, 7, 263
List the prime factors of 108597.
3, 53, 683
List the prime factors of 694.
2, 347
List the prime factors of 1317.
3, 439
What are the prime factors of 7691?
7691
What are the prime factors of 782?
2, 17, 23
What are the prime factors of 351?
3, 13
List the prime factors of 150972.
2, 3, 23, 547
What are the prime factors of 25265?
5, 31, 163
What are the prime factors of 33013?
33013
What are the prime factors of 9648?
2, 3, 67
What are the prime factors of 3317?
31, 107
What are the prime factors of 2951?
13, 227
List the prime factors of 70.
2, 5, 7
List the prime factors of 4897.
59, 83
What are the prime factors of 11164?
2, 2791
What are the prime factors of 11021?
103, 107
What are the prime factors of 5698?
2, 7, 11, 37
What are the prime factors of 20387?
19, 29, 37
What are the prime factors of 2927?
2927
List the prime factors of 607.
607
List the prime factors of 4102.
2, 7, 293
What are the prime factors of 10327?
23, 449
List the prime factors of 134826.
2, 3, 23, 977
What are the prime factors of 104774?
2, 52387
List the prime factors of 31291.
13, 29, 83
List the prime factors of 1007.
19, 53
What are the prime factors of 8599?
8599
What are the prime factors of 1646?
2, 823
What are the prime factors of 1307?
1307
What are the prime factors of 5821?
5821
List the prime factors of 97613.
97613
List the prime factors of 2543.
2543
List the prime factors of 8780.
2, 5, 439
List the prime factors of 4134.
2, 3, 13, 53
What are the prime factors of 517?
11, 47
List the prime factors of 49190.
2, 5, 4919
List the prime factors of 2665.
5, 13, 41
List the prime factors of 46883.
173, 271
List the prime factors of 85226.
2, 43, 991
List the prime factors of 1651.
13, 127
What are the prime factors of 2065?
5, 7, 59
List the prime factors of 127.
127
List the prime factors of 51129.
3, 13, 19, 23
List the prime factors of 7054.
2, 3527
List the prime factors of 164409.
3, 7, 7829
List the prime factors of 50935.
5, 61, 167
List the prime factors of 30.
2, 3, 5
List the prime factors of 63237.
3, 107, 197
What are the prime factors of 3496?
2, 19, 23
What are the prime factors of 20186?
2, 10093
List the prime factors of 1275.
3, 5, 17
What are the prime factors of 632?
2, 79
What are the prime factors of 18661?
18661
What are the prime factors of 1604?
2, 401
What are the prime factors of 44855?
5, 8971
What are the prime factors of 14517?
3, 1613
What are the prime factors of 8324?
2, 2081
List the prime factors of 106766.
2, 11, 23, 211
List the prime factors of 37859.
17, 131
What are the prime factors of 42035?
5, 7, 1201
What are the prime factors of 17270?
2, 5, 11, 157
List the prime factors of 120286.
2, 137, 439
What are the prime factors of 69705?
3, 5, 1549
List the prime factors of 61781.
61781
What are the prime factors of 1015?
5, 7, 29
List the prime factors of 3172.
2, 13, 61
List the prime factors of 47326.
2, 23663
What are the prime factors of 1799?
7, 257
What are the prime factors of 60574?
2, 31, 977
What are the prime factors of 72249?
3, 24083
List the prime factors of 280.
2, 5, 7
List the prime factors of 5010.
2, 3, 5, 167
List the prime factors of 26800.
2, 5, 67
List the prime factors of 14.
2, 7
List the prime factors of 6215.
5, 11, 113
List the prime factors of 68461.
223, 307
What are the prime factors of 23154?
2, 3, 17, 227
What are the prime factors of 5495?
5, 7, 157
List the prime factors of 3832.
2, 479
List the prime factors of 3987.
3, 443
What are the prime factors of 1136?
2, 71
List the prime factors of 14369.
14369
What are the prime factors of 2052?
2, 3, 19
What are the prime factors of 2338?
2, 7, 167
List the prime factors of 5515.
5, 1103
List the prime factors of 3040.
2, 5, 19
List the prime factors of 23641.
47, 503
List the prime factors of 3636.
2, 3, 101
List the prime factors of 1167.
3, 389
What are the prime factors of 120026?
2, 60013
List the prime factors of 6514.
2, 3257
List the prime factors of 17092.
2, 4273
What are the prime factors of 23276?
2, 11, 23
What are the prime factors of 22237?
37, 601
List the prime factors of 100408.
2, 7, 11, 163
List the prime factors of 6362.
2, 3181
What are the prime factors of 4229?
4229
List the prime factors of 6152.
2, 769
What are the prime factors of 2476?
2, 619
What are the prime factors of 3223?
11, 293
What are the prime factors of 23?
23
What are the prime factors of 88060?
2, 5, 7, 17, 37
List the prime factors of 66258.
2, 3, 409
What are the prime factors of 4182?
2, 3, 17, 41
List the prime factors of 1583.
1583
List the prime factors of 12911.
12911
List the prime factors of 65539.
65539
What are the prime factors of 10027?
37, 271
List the prime factors of 3184.
2, 199
What are the prime factors of 136881?
3, 67, 227
List the prime factors of 1456.
2, 7, 13
List the prime factors of 1132.
2, 283
List the prime factors of 18868.
2, 53, 89
W